+ 0*c + 2*c - 34 = 0. Let p = 2 - i. Let m(h) = 35*h - 23. Is m(p) a composite number?
False
Let b(f) be the second derivative of 25*f**4/12 + 13*f**3/6 - f**2/2 - 25*f. Is b(6) composite?
False
Suppose 43*z = 40*z - 15. Let a(h) = -468*h - 7. Is a(z) a prime number?
True
Let y = 5605 - 613010. Is (-1)/(-6) + 0 + y/(-174) composite?
False
Let x = -66 - -102. Is (-6 - -5) + x*20 a composite number?
False
Let l = -9 - -2. Let a(i) = -3*i**3 - 7*i**2 - i - 2. Is a(l) a prime number?
True
Let f be ((-11)/22)/((-2)/(-28)). Let z = 43 - f. Suppose -2*d = -3*y - z, -d + 0*d = -5*y - 39. Is d a composite number?
False
Let i be (-1*337)/(1 - 2). Let c = 497 - i. Suppose -3*u + c = -593. Is u composite?
False
Let l = 54789 - 28452. Is l prime?
False
Let g = -68 - -116. Let o = g - -38. Suppose o = -0*m + 2*m. Is m composite?
False
Suppose -4*k - 4*y - 4 = 0, 6*k - 2*k + 7 = -y. Is (-5446)/(-21)*(2 + 1/k) a composite number?
False
Let m(v) be the third derivative of 99*v**5/20 + v**4/24 - 7*v**2. Is m(1) a composite number?
True
Suppose 5*n = 5*x - 595, -n = 4*x + n - 470. Let w(k) = -k**3 + 14*k**2 - 15*k - 15. Let a be w(13). Let m = a + x. Is m a composite number?
True
Let o(k) = -2*k - 16. Let a be o(-10). Let j = a - 2. Suppose -3*w + j*w - 4*h + 463 = 0, -3*h + 458 = w. Is w a prime number?
True
Let q(i) = -i**2 - 4*i + 2. Let b be q(-4). Suppose 0 = b*x - 3*x + 92. Suppose 0 = k - 117 - x. Is k prime?
False
Suppose 0 = -2*m - 8, 2*w + 3*m = -m + 47562. Is w a composite number?
False
Let j(o) = 4338*o**2 - 5*o - 11. Is j(-2) composite?
False
Suppose -7*y = -5*y - 5*j - 83159, -207881 = -5*y - 4*j. Is y composite?
True
Suppose 252 = 2*i + 72. Suppose 0 = -46*a + 49*a - 24. Suppose 2*v = a, l - 3*v = 3*l - i. Is l prime?
False
Suppose c = a + 8, c + 5*a - 3 = 5. Suppose -4*j + 5*x = -1198, 3*x + x + c = 0. Is 2*(-1 - j/(-6)) prime?
True
Suppose q = 540 - 67. Suppose -4*r = l - q - 619, 8 = 2*l. Suppose 3*t + 3*k = 2*t + r, -5*t = 5*k - 1330. Is t composite?
False
Suppose 4*l + 10*n = 9*n - 4, -2*l - 5*n = 20. Suppose -t - 5*i = -95, -1 = -3*i - 13. Suppose l = -4*x + 145 + t. Is x prime?
False
Let t be 790/(-25) + 4/(-10). Let y = 47 + t. Is -38*(y/(-6) - -2) prime?
True
Suppose -2*r - 12 = -3*r + 5*j, -3*j = 3*r - 18. Suppose 3*f - 72 = r*f. Let l = 93 - f. Is l a composite number?
True
Let p(y) = 3*y + 29. Let m be p(0). Let c = 33 - m. Suppose -c*n - 323 = -1063. Is n a prime number?
False
Let n be (-1 + 1 + 2)*(3 - 1). Is -334*((-7)/6 + n/6) prime?
True
Let i(k) = 37*k**2 - 35. Let b be i(-7). Is (b/6)/((-4)/(-12)) prime?
False
Let y(r) = -4*r**2 + 10*r + 7. Let n(u) = -u**2 - 1. Let s(x) = -5*n(x) + y(x). Is s(-11) a composite number?
False
Suppose 0*w + w + 714 = -h, -5*h - 3570 = -2*w. Let z be (h + 3)*(-1)/3. Suppose z = 8*n - 7*n. Is n composite?
True
Suppose 0 = 5*a - 20 + 55. Is (-530)/4*(5 + a) a prime number?
False
Let j = -10 + 11. Let k = 2 - j. Let f(t) = 88*t**2 + 1. Is f(k) prime?
True
Let t(n) = 175*n + 8. Let v be t(6). Suppose v = 6*d - 88. Is d composite?
False
Let g = -746 + 1117. Is g a composite number?
True
Suppose -2*k + 2*w = k - 9763, -2*w - 16265 = -5*k. Is k prime?
True
Let h be 12084/(-133) + 2/(-14). Let g = h + 150. Is g composite?
False
Let c(p) be the third derivative of p**6/120 + 17*p**5/60 + 17*p**4/24 + p**3/2 - 12*p**2. Is c(-8) composite?
False
Let a(g) = -880*g - 69. Is a(-5) prime?
False
Let b = -4925 + 10662. Is b composite?
False
Suppose -3*c = -s + 40149 + 4789, -2*s = -c - 89891. Is s a composite number?
True
Let n(d) be the second derivative of d**3/6 + 3*d**2/2 + 2*d. Let j be n(0). Suppose j*c - 271 = -k, -9 = 5*k + 1. Is c composite?
True
Let j(z) = -4659*z**2 - 12*z + 13. Let m(r) = 2330*r**2 + 6*r - 7. Let y(h) = -3*j(h) - 5*m(h). Is y(1) composite?
True
Suppose 5*q + 0*o = o + 23, 4*q = 2*o + 22. Suppose -2*w = 3*w - q*v - 3685, -2*w = v - 1461. Is w prime?
True
Let j(o) = 12*o**3 + 4*o**2 + 12*o - 234. Is j(10) a composite number?
True
Suppose -2 = -i - 0. Suppose i*l - 208 = -0*l. Suppose -l = -z + 159. Is z prime?
True
Let o(j) = -64*j**2 - 7*j - 11. Let y be o(-7). Let q = 5206 + y. Suppose q = r + 3*r. Is r prime?
False
Is 2 + 286344/27 + 1/(-3) a prime number?
True
Let s be -5 - (3 + -4 + -3). Let l be (3/s)/((-3)/(-74)). Let f = l + 471. Is f a composite number?
False
Suppose 4*n = 5*j - 39081, -8*j - 3*n = -6*j - 15637. Is j prime?
True
Suppose 0 = 2*n + 2*n + 84. Suppose d + 4*d + 30 = 0. Is d/n - 1335/(-7) a prime number?
True
Suppose -2*o - 2*v + 12 = 2*o, -3*o = -v - 14. Suppose 7*y + q - 1990 = 3*y, o*y = 5*q + 1978. Is y composite?
True
Let a(r) = -r**3 + 6*r**2 + 10*r - 10. Let t be a(7). Let x = t - -44. Is x a composite number?
True
Let m(o) = 38*o**2 + 4*o - 157. Is m(12) prime?
False
Let t = 20 - 429. Let h = 730 - t. Is h composite?
True
Suppose -1 = -3*y + 5. Suppose v = 2*v - 1331. Suppose -4*o = t - y*t - 1063, -2*t = -5*o + v. Is o composite?
True
Let s be (-2)/(-7) + 3339/147. Let z be (-21 + s)/(1 - -1). Is ((-1)/2)/(z/(-838)) prime?
True
Suppose -14*x + 213099 = -52523. Is x composite?
False
Let l(g) = -g**3 + 4*g**2 - 5*g - 4. Suppose 3*a - 2*j = -0*j + 12, -4*a + 16 = 4*j. Let r be l(a). Is 6/r - (-1805)/4 a composite number?
True
Let w be (12/(-10))/((-6)/20). Suppose 1006 = 3*m - k, -2*m + 2*k - w*k + 684 = 0. Is m a prime number?
True
Suppose -13986 = -4*f - 2*h, 4*f + 17475 = 9*f + h. Is f a prime number?
False
Let p = 29 + -40. Let m = -7 - p. Suppose 296 = m*l - 596. Is l a prime number?
True
Suppose 88 + 296 = 16*p. Is (0 + 3)*3568/p prime?
False
Let t = 2922 + -1423. Is t composite?
False
Is 144/(-9)*-39 - (-9 + 2) prime?
True
Suppose 3*w - 3*d - 7086 = 4*w, -2*w - 14193 = -d. Let u = -3874 - w. Is u prime?
True
Suppose 1 + 1 = 2*z. Is (-390 + z)*(5 - (-48)/(-3)) prime?
False
Let n(v) = v**3 - 27*v**2 - 11*v - 31. Is n(32) a composite number?
True
Let x(a) = -48*a**3 + 2*a**2 - 1. Let i be x(-1). Let c = i - 29. Suppose c*h = 16*h + 472. Is h prime?
False
Let t be (-1)/5 - (-1965)/75. Is t/65 - 3786/(-10) composite?
False
Let p(g) = -g**2 - 14*g - 9. Let v be (-8)/28 + 288/(-21). Let s be p(v). Let f(r) = 4*r**2 + 2*r - 5. Is f(s) composite?
True
Suppose 3*j + 88 = 2*o + j, -116 = -3*o - j. Let f be o/15 + (-1)/(-3). Suppose 2*t - 2*z - 1278 = 0, z - 1927 = -f*t - z. Is t a prime number?
True
Let u be (2 + 2)*10/8. Let c(n) = -5 - 7*n**3 + u + 3 - 2*n**2. Is c(-4) a composite number?
False
Let z(t) = 238*t + 16. Let c be z(6). Suppose -5*i + c + 511 = 0. Is i a composite number?
True
Suppose 2*t - 4*b = 762 - 200, -4*b - 8 = 0. Is t prime?
True
Suppose -3*o - 2*p = 3*p - 30131, -5*o + 5*p + 50165 = 0. Is o a prime number?
True
Suppose 4*y - 68804 = 2*u, 0*y + 4*y - 3*u - 68800 = 0. Is y a prime number?
True
Let u be 1 - ((4 - 9) + 3). Suppose -5 = f, -680 = -2*w - 3*w + u*f. Is w composite?
True
Suppose 0 = 9*i - 6*i - 255. Let p = i - 35. Let b = p + 109. Is b a composite number?
True
Let r = 73 + 34. Suppose 390 = -5*p + 4*k, 3*p + 227 = -0*k + k. Let l = p + r. Is l prime?
False
Let j = -32 - -34. Suppose -j*h + 354 = h. Is h a composite number?
True
Suppose -11*d - 371 = 2038. Let l = -8 - d. Is l composite?
False
Let b(p) = 13*p + 1. Let f be b(-5). Let o = -444 + 623. Let l = f + o. Is l composite?
True
Is (18420/40)/((-1)/(-2) + 0) composite?
True
Let i be (1*(-2 + 2))/(-7 - -6). Suppose -1515 = -i*l - 5*l. Is l prime?
False
Let v(o) = 238*o**2 - 2*o + 1. Let w(l) be the third derivative of l**6/120 + l**5/12 - l**4/24 - 2*l**3/3 - 9*l**2. Let k be w(-5). Is v(k) composite?
True
Is (-42)/70 - 12496/(-10) a prime number?
True
Let g(f) = 77*f**3 - f**2 - f + 2. Is g(1) a composite number?
True
Let t = 4 + -2. Suppose -7*r + 1447 - 5 = 0. Suppose t*z - r = -0*z. Is z composite?
False
Let y(n) = -300*n**3 - n**2 - 6*n. Let f(u) = u**3 - u. Let h(p) = 5*f(p) - y(p). Is h(1) composite?
False
Let q be 3/(-1) - (2 + -9). Suppose 2*y + 1412 = q*h - h, 5*h = 4*y + 2356. Let i = -257 + h. Is i a prime number?
True
Let j(y) = -2*y. Let z(u) = -4*u + 1. Let g(a) = 9*j(a) - 4*z(a). Let t be g(-5). Suppose -t*f + 53 = -5*f + 2*p, 4*f - 230 = -2*p. Is f prime?
True
Let m(n) = -2*n - 38. Let o be m(-13). Let t(l) = -4*l**3 + l**2 - 8*l + 2. Let z be t(6). Is z/(-10